24 = 7*a - 2*a. Let j(q) = 5 - 3*q**2 - q**3 - 2*q + q - 2*q**f. What is j(-5)?
10
Let m = 56 - 30. Suppose -m = -2*o - 0*o. Suppose 0 = 9*u - o*u. Let z(l) = -l + 6. Calculate z(u).
6
Let q(x) = 4*x - x**2 - 2*x + 528 - 531 - x**3. Let m(y) = -2*y**3 - 3*y**2 + 3*y - 7. Let g(s) = 2*m(s) - 5*q(s). Calculate g(3).
7
Let h(w) = w**3 + 7*w**2 - 6*w - 10. Let c = -407 + 399. Determine h(c).
-26
Let q(c) = -6*c**3 - c**2 - c + 1. Suppose 32 = 2*h + 6*h. Suppose -5*o - 5 = g - 6, -4*g + 3*o + h = 0. Calculate q(g).
-7
Let w(y) be the third derivative of y**5/60 - y**4/4 - y**3/2 - y**2. Let g be 62/12 - (-105)/126. What is w(g)?
-3
Let p(i) be the second derivative of -i**5/20 - i**4/2 + 5*i**3/3 + 9*i**2/2 - 686*i. Give p(-7).
-12
Let q(s) = s**2 - 8*s - 3. Let x be q(9). Let d = x - 10. Let j(f) be the third derivative of -f**4/12 + 2*f**3/3 - 40*f**2 - 2*f. Give j(d).
12
Let n(p) = -2*p + 16. Suppose 4*i - 54 = -3*b, 3*i - 5*b - 34 + 8 = 0. Determine n(i).
-8
Let r(a) = 3*a + 0*a**3 - 3*a**3 + 2*a**3 + 4*a**2 + 76 - 2*a**2 - 75. What is r(3)?
1
Let k(g) = 4*g - 3. Let h(m) = -5*m + 3. Let t(d) = -5*h(d) - 6*k(d). Let a(y) = 3*y**2 - 13*y - 27. Let f be a(6). Calculate t(f).
6
Let h(u) be the second derivative of u**7/2520 - u**6/144 - u**5/15 - 7*u**4/12 - 4*u. Let b(d) be the third derivative of h(d). Determine b(6).
-2
Let n(c) = c**2 + 16*c + 22. Let v be n(-14). Let b(u) = 2*u + 5. Calculate b(v).
-7
Let u(d) = -d**3 + 4*d**2 - 3*d. Let b be u(2). Let a(y) = 2 - 9*y - 3*y**2 + 17*y + 10*y - 16*y. What is a(b)?
-6
Let u(i) = -i + 8. Let q(o) = -11*o + 11. Let w(r) = -6*r + 5. Let t(d) = -4*q(d) + 7*w(d). Let a(k) = -4*t(k) - 5*u(k). Suppose -20 + 0 = 5*b. Calculate a(b).
8
Let j(s) = -s**3 + s**2 + s + 3. Let c(h) = 2*h**3 + 5*h**2 + 9. Let a be c(-3). Calculate j(a).
3
Let s(b) = b**3 - 10*b**2 - 41*b + 26. Let i be s(13). Let y(h) be the first derivative of h**2/2 - 4*h + 1. What is y(i)?
-4
Suppose 0 = 21*y - 62*y - 369. Let d(f) = f + 22. Give d(y).
13
Let i(f) = -2*f - 6. Let j be i(-5). Suppose -16 = -j*n, -2*t + 3*t - 15 = -3*n. Let k(r) = r**3 - 3*r**2 - 4. Calculate k(t).
-4
Let t(r) = -r**3 + 4*r**2 + 4*r - 1. Suppose 0*h = -3*h + 9. Let w be ((-10)/(-6)*2)/(3/9). Suppose -h*u - w = -5*u. Give t(u).
-6
Let s(i) = -2*i - 17. Let y(p) = p + 8. Suppose 2*b - 5 = -g, 5*b + g + 3*g = 8. Let k(q) = b*s(q) + 9*y(q). Let u(o) = 7*o - 11. Let h be u(2). Calculate k(h).
7
Let u be ((-3)/(-9))/(((-15)/27)/(-5)). Let c(d) be the third derivative of 2*d**2 + 2/3*d**u + 0 + 0*d + 1/24*d**4. Calculate c(4).
8
Let b(i) be the first derivative of -i**3/3 + 7*i**2/2 + 3*i + 2. Let o(k) = k**3 - 2*k**2 - k + 4. Let r be o(0). What is b(r)?
15
Let t(d) = 9*d + 231. Let q be t(-26). Let l(m) = -m**3 - m**2 + 4*m + 3. What is l(q)?
9
Let l = -7 - -12. Suppose 0 = 5*s - l. Let c(a) = -15*a**2 - 5*a - 2. Let v(o) = -7*o**2 - 3*o - 1. Let f(k) = 3*c(k) - 5*v(k). Determine f(s).
-11
Let u(z) = -3*z + 7. Let m(d) = -21 + 35 + d - 13. Let a(l) = -2*m(l) - u(l). Determine a(4).
-5
Let h(n) be the first derivative of 4*n**3/3 - 3*n**2/2 - 2*n - 2. Suppose 4*r = -2*c - 8, 4*r - 8*r - 4*c = 8. Give h(r).
20
Let d(a) = -2*a**2 + 5*a + 16. Let x be d(5). Let y(p) = -p**3 - 10*p**2 - 11*p - 12. Give y(x).
6
Let i(g) = g + 22. Suppose 9*q = -106 - 2. What is i(q)?
10
Let g(x) = 13*x + 108. Let w be g(-8). Let s(u) be the third derivative of 1/8*u**w + 0*u + 4*u**2 + 0 + 1/3*u**3 + 1/60*u**5. Calculate s(-2).
0
Suppose -3*t - 3*o = -3, 2*o = -7*t + 2*t + 11. Let v be (-1 - 2) + (-21 + 1)/(-4). Let m(q) = 0*q**3 - v*q - q**3 - 3*q**2 + 5 + 5*q**2 - 2. Give m(t).
-12
Suppose -201 = -7*c - 159. Let s(v) be the second derivative of v**3/2 - 2*v**2 + v. Calculate s(c).
14
Suppose -4*r + 8 = -4. Suppose 0 = -r*h - 3*h + 18. Let u(o) = o - 4. Calculate u(h).
-1
Let k = 5 + 1. Suppose 6 = 4*w - k. Let f(r) = -r**w + 2 + 4*r**2 + 2*r - 11 + 3. Calculate f(4).
2
Let d(a) = a**3 + 22*a**2 - 4*a - 83. Let n be d(-22). Let s(j) = -2*j**2 + 9*j - 15. What is s(n)?
-20
Let r(g) = 2*g**2 + 3*g + 3. Suppose k - 104 + 106 = 0. Let d be 1 + 5 + k + -6. Calculate r(d).
5
Let k(f) = -f**3 + 2*f**2 + f - 1. Suppose -2*m - 5*z = -12, 2*z = 5*m - 4 + 3. Let h = m + 9. Let l be 26/12 + h/(-60). Give k(l).
1
Let q(b) = 2*b**2 + 6*b + 15. Let j(h) = -3*h**2 - 11*h - 26. Let o(t) = -3*j(t) - 5*q(t). What is o(-5)?
-37
Let s(u) = 4*u**2 + 6 + 4*u**2 - 13*u**2 - u**3 + 3*u. Let n = -309 - -304. Calculate s(n).
-9
Let w(t) = -2*t + 6. Suppose -2*b + n = 2*n + 4, -b - 4*n - 16 = 0. Suppose b = 5*k - 5*v - 0 - 15, 4*k - 2*v - 18 = 0. Calculate w(k).
-6
Let f(n) = -n**3 - 7*n**2 - 2*n + 22. Let a be f(-6). Let m(r) = 0 + 0*r - 7*r - 1. What is m(a)?
13
Let q = 1282 - 1285. Let t(r) = -r**2 - 5*r + 6. Calculate t(q).
12
Let h(w) = 1. Let g(x) = -7*x**2 + 2*x - 2. Let j(u) = g(u) + 3*h(u). Suppose -3*p = p + 4*n + 20, -5*p + 3 = -2*n. What is j(p)?
-8
Let i(o) be the first derivative of -4*o**3/3 - o**2/2 + 2*o + 1. Let t be -1*1/((-1)/4). Let u be (-14 - -18)/(t/(-2)). Determine i(u).
-12
Suppose 0 = 11*n + 60 + 6. Let w(q) be the first derivative of 0*q + 1/4*q**4 - 2 + 3*q**2 + 7/3*q**3. Determine w(n).
0
Let t(d) = -d**3 - 14*d**2 + d + 17. Let w be t(-14). Let u(g) = -3 - 6*g + 5*g**3 + 3*g - g**2 - 4*g**3. Determine u(w).
6
Let u(y) = y**2 - 2*y + 2. Let v be u(2). Suppose 2*l + v*l = 0. Suppose 5*n + 10 = -l*n. Let o(g) = g + 1. Calculate o(n).
-1
Let q(w) = -4 + 1 + w**2 - 4*w - 4*w**2 + 2*w**2. Suppose 72 - 18 = -i. Let x be (-2)/(-5) + i/10. Calculate q(x).
-8
Let d(p) = -p. Let s(w) = -w**3 - 5*w**2 - 5*w - 3. Let b be s(-4). Suppose 6 = -2*o + c + b, 4*c - 20 = -2*o. Calculate d(o).
0
Let p(s) = s**3 - 3*s**2 - 2*s - 3. Suppose -44 = -4*u + 4. Suppose u = -4*n, z = 6*z + 4*n - 8. Determine p(z).
5
Let m(v) = -v**3 + 9*v**2 - 7*v - 1. Let q be (-7)/(14/16) + 2 + -3. Let h be ((-6)/(-4))/(-4*q/192). Determine m(h).
7
Suppose d = -o + 9, -4*d - 27 = -5*o - 3*d. Let v(q) = -q**3 + 7*q**2 - 6*q + 14. Calculate v(o).
14
Let d be 3/2 - (-6)/(-4)*1. Suppose -r + 4*n + 1 - 6 = d, 3*r + 3*n = -15. Let b(c) be the first derivative of -c**3/3 - 5*c**2/2 - 7*c + 2. Give b(r).
-7
Let s(z) = z**2 + 2*z - 3. Suppose 40*v = 22*v. Let f be ((-2)/(-4))/(3/24). Suppose -f*q - 5*a - 17 - 3 = v, -2*q + 4*a - 10 = 0. Give s(q).
12
Let y(q) = -10 + 19*q - 16 + 2 - 17*q. What is y(16)?
8
Let k = -51 + 54. Let y(b) = 3 + 3 - k - 4*b + 0*b. What is y(7)?
-25
Let z(w) = 5*w. Let g(t) = 9*t + 1. Let h(a) = -g(a) + 3*z(a). Let f be 0 - ((-9)/3 - -2). Determine h(f).
5
Let f(m) = 21*m**2 + 11. Let v be f(8). Let q(x) = 5*x - 2*x**2 - 1358 - x**2 + v. Determine q(3).
-15
Let k(p) be the third derivative of 1/6*p**3 + 0*p + 0 + 1/6*p**4 - 1/120*p**6 + 21*p**2 - 1/15*p**5. Give k(-5).
6
Let p(x) = -x**3 - 5*x**2 - 2*x + 5. Let l = -6 - -14. Let z(m) = 13*m - 253 + 241 - 12*m. Let r be z(l). What is p(r)?
-3
Let a(r) = -2*r + 2. Let p(j) = 22*j - 11. Let k(d) = -5*a(d) - p(d). Determine k(-1).
13
Let t(n) = -n**2 - 5*n + 2. Let x = -326 - -341. Suppose -2*k + 5*b = -83, -b = k - 0*k - 31. Let a be k/(-10) - 9/x. Calculate t(a).
6
Let q = -31 + 26. Let j = q - -1. Let f(b) = b**2 + 7*b - 1. Let s(y) = -y**2 - 6*y + 2. Let i(v) = 2*f(v) + 3*s(v). What is i(j)?
4
Suppose -20*q = -18*q - 20. Let p(m) = -11 + 45 - 20 - 15 - m**2 + q*m. What is p(9)?
8
Suppose 2*g - 24 = -g. Let u(d) = 2 - 5*d**2 - d**3 + 3 + g*d + 3 + 0*d**2. Let v be (-6)/8*(-1 - -9). Determine u(v).
-4
Suppose 0 = 10*i - 13*i - 15. Let t(u) = -u**2 - 3*u + 5. Give t(i).
-5
Let o(k) be the third derivative of -k**4/8 + 41*k**3/6 + 457*k**2. Calculate o(12).
5
Let v(t) = -t**3 + 7*t**2 - 6*t - 4. Let a = 57 + -51. Let f be v(a). Let x(r) = 2*r**2 + 5*r - 2. Calculate x(f).
10
Suppose -511 + 21 = -5*y. Let z(p) = y - 9*p + 4*p - 101. What is z(4)?
-23
Let c(t) = t**2 - 4*t - 8. Let w = 2 - 0. Let k(n) be the third derivative of n**6/60 - n**5/20 + n**4/12 - n**3/3 - n**2. Let u be k(w). Calculate c(u).
4
Let u be (-2 - -2)/(-4) + 0. Let v(f) = -f + 12*f**2 - 10*f**2 - 3*f**2 + 2*f**2. Calculate v(u).
0
Let o(a) = -26*a**2 + 27*a**2 - 6 + 5 - 2*a + a**3. Give o(-2).
-1
Let p(j) = -6 - 51*j + 45*j - 15*j**2 + 1 + 13*j**2. Determine p(-4).
-13
Let j(h) = h**2 + 3*